{"id":7998,"date":"2022-12-19T16:29:03","date_gmt":"2022-12-19T20:29:03","guid":{"rendered":"https:\/\/www.puralibertad.org\/?post_type=product&#038;p=7998"},"modified":"2022-12-19T16:29:03","modified_gmt":"2022-12-19T20:29:03","slug":"devocionales-de-accion-de-gracias","status":"publish","type":"product","link":"https:\/\/www.puralibertad.org\/es\/producto\/devocionales-de-accion-de-gracias\/","title":{"rendered":"Devocionales de Acci\u00f3n de Gracias"},"content":{"rendered":"<p>5 D\u00edas enfocando el coraz\u00f3n de tu hija en la gratitud<\/p>\n<p>\u2b50\u00a1Gracias Jes\u00fas!<\/p>\n<p>\u2b50Cuida tus modales<\/p>\n<p>\u2b50\u00a1\u00bfAgradecida por QU\u00c9 COSA?!<\/p>\n<p>\u2b50Feliz Acci\u00f3n de Gracias<\/p>\n<p>\u2b50El Sendero de la Gratitud<\/p>\n<p>&nbsp;<\/p>","protected":false},"excerpt":{"rendered":"excerpt","protected":false},"featured_media":8000,"comment_status":"open","ping_status":"closed","template":"","meta":{"_mi_skip_tracking":false,"_monsterinsights_sitenote_active":false,"_monsterinsights_sitenote_note":"","_monsterinsights_sitenote_category":0,"episode_type":"","audio_file":"","cover_image":"","cover_image_id":"","duration":"","filesize":"","date_recorded":"","explicit":"","block":"","filesize_raw":""},"product_cat":[76],"product_tag":[],"yoast_head":"<!-- This site is optimized with the Yoast SEO plugin v21.3 - https:\/\/yoast.com\/wordpress\/plugins\/seo\/ -->\n<title>Devocionales de Acci\u00f3n de Gracias - PURA LIBERTAD<\/title>\n<meta name=\"robots\" content=\"index, follow, max-snippet:-1, max-image-preview:large, max-video-preview:-1\" \/>\n<link rel=\"canonical\" href=\"https:\/\/www.puralibertad.org\/es\/producto\/devocionales-de-accion-de-gracias\/\" \/>\n<meta property=\"og:locale\" content=\"es_ES\" \/>\n<meta property=\"og:type\" content=\"article\" \/>\n<meta property=\"og:title\" content=\"Devocionales de Acci\u00f3n de Gracias - PURA LIBERTAD\" \/>\n<meta property=\"og:description\" content=\"5 D\u00edas enfocando el coraz\u00f3n de tu hija en la gratitud \u2b50\u00a1Gracias Jes\u00fas! \u2b50Cuida tus modales \u2b50\u00a1\u00bfAgradecida por QU\u00c9 COSA?! \u2b50Feliz Acci\u00f3n de Gracias \u2b50El Sendero de la Gratitud &nbsp;\" \/>\n<meta property=\"og:url\" content=\"https:\/\/www.puralibertad.org\/es\/producto\/devocionales-de-accion-de-gracias\/\" \/>\n<meta property=\"og:site_name\" content=\"PURA LIBERTAD\" \/>\n<meta property=\"og:image\" content=\"https:\/\/www.puralibertad.org\/wp-content\/uploads\/2022\/12\/1178630_NovemberDecemberDevos_Thanksgiving_Cover_112322.jpg\" \/>\n\t<meta property=\"og:image:width\" content=\"1350\" \/>\n\t<meta property=\"og:image:height\" content=\"2025\" \/>\n\t<meta property=\"og:image:type\" content=\"image\/jpeg\" \/>\n<meta name=\"twitter:card\" content=\"summary_large_image\" \/>\n<meta name=\"twitter:label1\" content=\"Tiempo de lectura\" \/>\n\t<meta name=\"twitter:data1\" content=\"1 minuto\" \/>\n<script type=\"application\/ld+json\" class=\"yoast-schema-graph\">{\"@context\":\"https:\/\/schema.org\",\"@graph\":[{\"@type\":\"WebPage\",\"@id\":\"https:\/\/www.puralibertad.org\/es\/producto\/devocionales-de-accion-de-gracias\/\",\"url\":\"https:\/\/www.puralibertad.org\/es\/producto\/devocionales-de-accion-de-gracias\/\",\"name\":\"Devocionales de Acci\u00f3n de Gracias - PURA LIBERTAD\",\"isPartOf\":{\"@id\":\"https:\/\/www.puralibertad.org\/#website\"},\"datePublished\":\"2022-12-19T20:29:03+00:00\",\"dateModified\":\"2022-12-19T20:29:03+00:00\",\"breadcrumb\":{\"@id\":\"https:\/\/www.puralibertad.org\/es\/producto\/devocionales-de-accion-de-gracias\/#breadcrumb\"},\"inLanguage\":\"es\",\"potentialAction\":[{\"@type\":\"ReadAction\",\"target\":[\"https:\/\/www.puralibertad.org\/es\/producto\/devocionales-de-accion-de-gracias\/\"]}]},{\"@type\":\"BreadcrumbList\",\"@id\":\"https:\/\/www.puralibertad.org\/es\/producto\/devocionales-de-accion-de-gracias\/#breadcrumb\",\"itemListElement\":[{\"@type\":\"ListItem\",\"position\":1,\"name\":\"Home\",\"item\":\"https:\/\/www.puralibertad.org\/\"},{\"@type\":\"ListItem\",\"position\":2,\"name\":\"Devocionales de Acci\u00f3n de Gracias\"}]},{\"@type\":\"WebSite\",\"@id\":\"https:\/\/www.puralibertad.org\/#website\",\"url\":\"https:\/\/www.puralibertad.org\/\",\"name\":\"PURA LIBERTAD\",\"description\":\"Blog\",\"potentialAction\":[{\"@type\":\"SearchAction\",\"target\":{\"@type\":\"EntryPoint\",\"urlTemplate\":\"https:\/\/www.puralibertad.org\/?s={search_term_string}\"},\"query-input\":\"required name=search_term_string\"}],\"inLanguage\":\"es\"}]}<\/script>\n<!-- \/ Yoast SEO plugin. -->","yoast_head_json":{"title":"Devocionales de Acci\u00f3n de Gracias - PURA LIBERTAD","robots":{"index":"index","follow":"follow","max-snippet":"max-snippet:-1","max-image-preview":"max-image-preview:large","max-video-preview":"max-video-preview:-1"},"canonical":"https:\/\/www.puralibertad.org\/es\/producto\/devocionales-de-accion-de-gracias\/","og_locale":"es_ES","og_type":"article","og_title":"Devocionales de Acci\u00f3n de Gracias - PURA LIBERTAD","og_description":"5 D\u00edas enfocando el coraz\u00f3n de tu hija en la gratitud \u2b50\u00a1Gracias Jes\u00fas! \u2b50Cuida tus modales \u2b50\u00a1\u00bfAgradecida por QU\u00c9 COSA?! \u2b50Feliz Acci\u00f3n de Gracias \u2b50El Sendero de la Gratitud &nbsp;","og_url":"https:\/\/www.puralibertad.org\/es\/producto\/devocionales-de-accion-de-gracias\/","og_site_name":"PURA LIBERTAD","og_image":[{"width":1350,"height":2025,"url":"https:\/\/www.puralibertad.org\/wp-content\/uploads\/2022\/12\/1178630_NovemberDecemberDevos_Thanksgiving_Cover_112322.jpg","type":"image\/jpeg"}],"twitter_card":"summary_large_image","twitter_misc":{"Tiempo de lectura":"1 minuto"},"schema":{"@context":"https:\/\/schema.org","@graph":[{"@type":"WebPage","@id":"https:\/\/www.puralibertad.org\/es\/producto\/devocionales-de-accion-de-gracias\/","url":"https:\/\/www.puralibertad.org\/es\/producto\/devocionales-de-accion-de-gracias\/","name":"Devocionales de Acci\u00f3n de Gracias - PURA LIBERTAD","isPartOf":{"@id":"https:\/\/www.puralibertad.org\/#website"},"datePublished":"2022-12-19T20:29:03+00:00","dateModified":"2022-12-19T20:29:03+00:00","breadcrumb":{"@id":"https:\/\/www.puralibertad.org\/es\/producto\/devocionales-de-accion-de-gracias\/#breadcrumb"},"inLanguage":"es","potentialAction":[{"@type":"ReadAction","target":["https:\/\/www.puralibertad.org\/es\/producto\/devocionales-de-accion-de-gracias\/"]}]},{"@type":"BreadcrumbList","@id":"https:\/\/www.puralibertad.org\/es\/producto\/devocionales-de-accion-de-gracias\/#breadcrumb","itemListElement":[{"@type":"ListItem","position":1,"name":"Home","item":"https:\/\/www.puralibertad.org\/"},{"@type":"ListItem","position":2,"name":"Devocionales de Acci\u00f3n de Gracias"}]},{"@type":"WebSite","@id":"https:\/\/www.puralibertad.org\/#website","url":"https:\/\/www.puralibertad.org\/","name":"PURA LIBERTAD","description":"Blog","potentialAction":[{"@type":"SearchAction","target":{"@type":"EntryPoint","urlTemplate":"https:\/\/www.puralibertad.org\/?s={search_term_string}"},"query-input":"required name=search_term_string"}],"inLanguage":"es"}]}},"jetpack_sharing_enabled":true,"_links":{"self":[{"href":"https:\/\/www.puralibertad.org\/es\/wp-json\/wp\/v2\/product\/7998"}],"collection":[{"href":"https:\/\/www.puralibertad.org\/es\/wp-json\/wp\/v2\/product"}],"about":[{"href":"https:\/\/www.puralibertad.org\/es\/wp-json\/wp\/v2\/types\/product"}],"replies":[{"embeddable":true,"href":"https:\/\/www.puralibertad.org\/es\/wp-json\/wp\/v2\/comments?post=7998"}],"wp:featuredmedia":[{"embeddable":true,"href":"https:\/\/www.puralibertad.org\/es\/wp-json\/wp\/v2\/media\/8000"}],"wp:attachment":[{"href":"https:\/\/www.puralibertad.org\/es\/wp-json\/wp\/v2\/media?parent=7998"}],"wp:term":[{"taxonomy":"product_cat","embeddable":true,"href":"https:\/\/www.puralibertad.org\/es\/wp-json\/wp\/v2\/product_cat?post=7998"},{"taxonomy":"product_tag","embeddable":true,"href":"https:\/\/www.puralibertad.org\/es\/wp-json\/wp\/v2\/product_tag?post=7998"}],"curies":[{"name":"wp","href":"https:\/\/api.w.org\/{rel}","templated":true}]}}

Devocionales de Acción de Gracias

<p>5 Días enfocando el corazón de tu hija en la gratitud</p>
<p>⭐¡Gracias Jesús!</p>
<p>⭐Cuida tus modales</p>
<p>⭐¡¿Agradecida por QUÉ COSA?!</p>
<p>⭐Feliz Acción de Gracias</p>
<p>⭐El Sendero de la Gratitud</p>
<p>&nbsp;</p>

<!-- This site is optimized with the Yoast SEO plugin v21.3 - https://yoast.com/wordpress/plugins/seo/ -->
<title>Devocionales de Acción de Gracias - PURA LIBERTAD</title>
<meta name="robots" content="index, follow, max-snippet:-1, max-image-preview:large, max-video-preview:-1" />
<link rel="canonical" href="https://www.puralibertad.org/es/producto/devocionales-de-accion-de-gracias/" />
<meta property="og:locale" content="es_ES" />
<meta property="og:type" content="article" />
<meta property="og:title" content="Devocionales de Acción de Gracias - PURA LIBERTAD" />
<meta property="og:description" content="5 Días enfocando el corazón de tu hija en la gratitud ⭐¡Gracias Jesús! ⭐Cuida tus modales ⭐¡¿Agradecida por QUÉ COSA?! ⭐Feliz Acción de Gracias ⭐El Sendero de la Gratitud &nbsp;" />
<meta property="og:url" content="https://www.puralibertad.org/es/producto/devocionales-de-accion-de-gracias/" />
<meta property="og:site_name" content="PURA LIBERTAD" />
<meta property="og:image" content="https://www.puralibertad.org/wp-content/uploads/2022/12/1178630_NovemberDecemberDevos_Thanksgiving_Cover_112322.jpg" />
	<meta property="og:image:width" content="1350" />
	<meta property="og:image:height" content="2025" />
	<meta property="og:image:type" content="image/jpeg" />
<meta name="twitter:card" content="summary_large_image" />
<meta name="twitter:label1" content="Tiempo de lectura" />
	<meta name="twitter:data1" content="1 minuto" />
<script type="application/ld+json" class="yoast-schema-graph">{"@context":"https://schema.org","@graph":[{"@type":"WebPage","@id":"https://www.puralibertad.org/es/producto/devocionales-de-accion-de-gracias/","url":"https://www.puralibertad.org/es/producto/devocionales-de-accion-de-gracias/","name":"Devocionales de Acción de Gracias - PURA LIBERTAD","isPartOf":{"@id":"https://www.puralibertad.org/#website"},"datePublished":"2022-12-19T20:29:03+00:00","dateModified":"2022-12-19T20:29:03+00:00","breadcrumb":{"@id":"https://www.puralibertad.org/es/producto/devocionales-de-accion-de-gracias/#breadcrumb"},"inLanguage":"es","potentialAction":[{"@type":"ReadAction","target":["https://www.puralibertad.org/es/producto/devocionales-de-accion-de-gracias/"]}]},{"@type":"BreadcrumbList","@id":"https://www.puralibertad.org/es/producto/devocionales-de-accion-de-gracias/#breadcrumb","itemListElement":[{"@type":"ListItem","position":1,"name":"Home","item":"https://www.puralibertad.org/"},{"@type":"ListItem","position":2,"name":"Devocionales de Acción de Gracias"}]},{"@type":"WebSite","@id":"https://www.puralibertad.org/#website","url":"https://www.puralibertad.org/","name":"PURA LIBERTAD","description":"Blog","potentialAction":[{"@type":"SearchAction","target":{"@type":"EntryPoint","urlTemplate":"https://www.puralibertad.org/?s={search_term_string}"},"query-input":"required name=search_term_string"}],"inLanguage":"es"}]}</script>
<!-- / Yoast SEO plugin. -->

Devocionales de Acción de Gracias - PURA LIBERTAD

5 Días enfocando el corazón de tu hija en la gratitud ⭐¡Gracias Jesús! ⭐Cuida tus modales ⭐¡¿Agradecida por QUÉ COSA?! ⭐Feliz Acción de Gracias ⭐El Sendero de la Gratitud &nbsp;
